{"id":6887,"date":"2022-08-02T13:03:55","date_gmt":"2022-08-02T16:03:55","guid":{"rendered":"https:\/\/www.saudadeanimal.com.br\/novo\/?page_id=6887"},"modified":"2022-08-02T13:11:12","modified_gmt":"2022-08-02T16:11:12","slug":"cantinho-da-saudade","status":"publish","type":"page","link":"https:\/\/www.saudadeanimal.com.br\/novo\/cantinho-da-saudade\/","title":{"rendered":"Cantinho da Saudade"},"content":{"rendered":"<p>[et_pb_section fb_built=&#8221;1&#8243; _builder_version=&#8221;4.17.6&#8243; _module_preset=&#8221;default&#8221; background_color=&#8221;#46a5ae&#8221; background_image=&#8221;https:\/\/www.saudadeanimal.com.br\/novo\/wp-content\/uploads\/2022\/08\/Lovely-pets-and-babies-play-together-wallpapers-1920&#215;1200-05.jpg&#8221; background_blend=&#8221;overlay&#8221; custom_padding=&#8221;179px||148px|||&#8221; filter_saturate=&#8221;63%&#8221; hover_enabled=&#8221;0&#8243; global_colors_info=&#8221;{}&#8221; theme_builder_area=&#8221;post_content&#8221; title_text=&#8221;\u00b1\u00a6\u00b1\u00a6\u00ba\u00cd\u00b3\u00e8\u00ce\u00ef&#8221; sticky_enabled=&#8221;0&#8243;][et_pb_row _builder_version=&#8221;4.17.6&#8243; _module_preset=&#8221;default&#8221; global_colors_info=&#8221;{}&#8221; theme_builder_area=&#8221;post_content&#8221;][et_pb_column type=&#8221;4_4&#8243; _builder_version=&#8221;4.17.6&#8243; _module_preset=&#8221;default&#8221; global_colors_info=&#8221;{}&#8221; theme_builder_area=&#8221;post_content&#8221;][et_pb_text _builder_version=&#8221;4.17.6&#8243; _module_preset=&#8221;default&#8221; header_font=&#8221;Arial|||on|||||&#8221; header_text_align=&#8221;center&#8221; header_text_color=&#8221;#FFFFFF&#8221; header_font_size=&#8221;41px&#8221; hover_enabled=&#8221;0&#8243; global_colors_info=&#8221;{}&#8221; theme_builder_area=&#8221;post_content&#8221; sticky_enabled=&#8221;0&#8243;]<\/p>\n<h1>Cantinho da Saudade<\/h1>\n<p>[\/et_pb_text][\/et_pb_column][\/et_pb_row][\/et_pb_section][et_pb_section fb_built=&#8221;1&#8243; _builder_version=&#8221;4.17.6&#8243; _module_preset=&#8221;default&#8221; global_colors_info=&#8221;{}&#8221; theme_builder_area=&#8221;post_content&#8221;][et_pb_row _builder_version=&#8221;4.17.6&#8243; _module_preset=&#8221;default&#8221; global_colors_info=&#8221;{}&#8221; theme_builder_area=&#8221;post_content&#8221;][et_pb_column type=&#8221;4_4&#8243; _builder_version=&#8221;4.17.6&#8243; _module_preset=&#8221;default&#8221; global_colors_info=&#8221;{}&#8221; theme_builder_area=&#8221;post_content&#8221;][et_pb_blog _builder_version=&#8221;4.17.6&#8243; _module_preset=&#8221;default&#8221; theme_builder_area=&#8221;post_content&#8221; include_categories=&#8221;5&#8243; posts_number=&#8221;5&#8243; show_author=&#8221;off&#8221; show_categories=&#8221;off&#8221; show_more=&#8221;on&#8221; read_more_font=&#8221;Arial|700||on|||||&#8221; read_more_text_color=&#8221;#46a5ae&#8221; read_more_font_size=&#8221;21px&#8221; read_more_line_height=&#8221;2em&#8221; hover_enabled=&#8221;0&#8243; sticky_enabled=&#8221;0&#8243; meta_text_color=&#8221;#46a5ae&#8221; meta_font=&#8221;|600||on|||||&#8221; pagination_font=&#8221;|600||on|||||&#8221; pagination_text_color=&#8221;#46a5ae&#8221;][\/et_pb_blog][\/et_pb_column][\/et_pb_row][\/et_pb_section]<\/p>\n","protected":false},"excerpt":{"rendered":"<p>Cantinho da Saudade<\/p>\n","protected":false},"author":1,"featured_media":0,"parent":0,"menu_order":0,"comment_status":"closed","ping_status":"closed","template":"","meta":{"_et_pb_use_builder":"on","_et_pb_old_content":"","_et_gb_content_width":"","footnotes":""},"class_list":["post-6887","page","type-page","status-publish","hentry"],"_links":{"self":[{"href":"https:\/\/www.saudadeanimal.com.br\/novo\/wp-json\/wp\/v2\/pages\/6887","targetHints":{"allow":["GET"]}}],"collection":[{"href":"https:\/\/www.saudadeanimal.com.br\/novo\/wp-json\/wp\/v2\/pages"}],"about":[{"href":"https:\/\/www.saudadeanimal.com.br\/novo\/wp-json\/wp\/v2\/types\/page"}],"author":[{"embeddable":true,"href":"https:\/\/www.saudadeanimal.com.br\/novo\/wp-json\/wp\/v2\/users\/1"}],"replies":[{"embeddable":true,"href":"https:\/\/www.saudadeanimal.com.br\/novo\/wp-json\/wp\/v2\/comments?post=6887"}],"version-history":[{"count":4,"href":"https:\/\/www.saudadeanimal.com.br\/novo\/wp-json\/wp\/v2\/pages\/6887\/revisions"}],"predecessor-version":[{"id":6893,"href":"https:\/\/www.saudadeanimal.com.br\/novo\/wp-json\/wp\/v2\/pages\/6887\/revisions\/6893"}],"wp:attachment":[{"href":"https:\/\/www.saudadeanimal.com.br\/novo\/wp-json\/wp\/v2\/media?parent=6887"}],"curies":[{"name":"wp","href":"https:\/\/api.w.org\/{rel}","templated":true}]}}